{"id":2200,"date":"2023-12-01T09:52:59","date_gmt":"2023-12-01T06:52:59","guid":{"rendered":"https:\/\/bilsonhealthservices.co.uk\/estetik-uygulamalari\/yuz-estetigi\/lip-lift\/"},"modified":"2023-12-05T10:57:49","modified_gmt":"2023-12-05T07:57:49","slug":"lip-lift","status":"publish","type":"page","link":"https:\/\/bilsonhealth.co.uk\/tr\/estetik-uygulamalari\/yuz-estetigi\/lip-lift\/","title":{"rendered":"Dudak Kald\u0131rma- Lip Lift"},"content":{"rendered":"\t\t<div data-elementor-type=\"wp-page\" data-elementor-id=\"2200\" class=\"elementor elementor-2200\" data-elementor-post-type=\"page\">\n\t\t\t\t\t\t<section class=\"elementor-section elementor-top-section elementor-element elementor-element-7a802f18 elementor-section-boxed elementor-section-height-default elementor-section-height-default\" data-id=\"7a802f18\" data-element_type=\"section\" data-settings=\"{&quot;background_background&quot;:&quot;classic&quot;}\">\n\t\t\t\t\t\t\t<div class=\"elementor-background-overlay\"><\/div>\n\t\t\t\t\t\t\t<div class=\"elementor-container elementor-column-gap-default\">\n\t\t\t\t\t<div class=\"elementor-column elementor-col-100 elementor-top-column elementor-element elementor-element-bdbeda3\" data-id=\"bdbeda3\" data-element_type=\"column\" data-settings=\"{&quot;background_background&quot;:&quot;classic&quot;}\">\n\t\t\t<div class=\"elementor-widget-wrap elementor-element-populated\">\n\t\t\t\t\t\t<div class=\"elementor-element elementor-element-20d43837 elementor-widget elementor-widget-text-editor\" data-id=\"20d43837\" data-element_type=\"widget\" data-widget_type=\"text-editor.default\">\n\t\t\t\t<div class=\"elementor-widget-container\">\n\t\t\t\t\t\t\t\t\t<h3>Dudak Kald\u0131rma- Lip Lift<\/h3>\t\t\t\t\t\t\t\t<\/div>\n\t\t\t\t<\/div>\n\t\t\t\t\t<\/div>\n\t\t<\/div>\n\t\t\t\t\t<\/div>\n\t\t<\/section>\n\t\t\t\t<section class=\"elementor-section elementor-top-section elementor-element elementor-element-66a00405 elementor-section-boxed elementor-section-height-default elementor-section-height-default\" data-id=\"66a00405\" data-element_type=\"section\">\n\t\t\t\t\t\t\t<div class=\"elementor-background-overlay\"><\/div>\n\t\t\t\t\t\t\t<div class=\"elementor-container elementor-column-gap-default\">\n\t\t\t\t\t<div class=\"elementor-column elementor-col-100 elementor-top-column elementor-element elementor-element-756f8928\" data-id=\"756f8928\" data-element_type=\"column\">\n\t\t\t<div class=\"elementor-widget-wrap elementor-element-populated\">\n\t\t\t\t\t\t<section class=\"elementor-section elementor-inner-section elementor-element elementor-element-32f924c0 elementor-section-boxed elementor-section-height-default elementor-section-height-default\" data-id=\"32f924c0\" data-element_type=\"section\">\n\t\t\t\t\t\t<div class=\"elementor-container elementor-column-gap-default\">\n\t\t\t\t\t<div class=\"elementor-column elementor-col-100 elementor-inner-column elementor-element elementor-element-5032ad0 animated-slow elementor-invisible\" data-id=\"5032ad0\" data-element_type=\"column\" data-settings=\"{&quot;animation&quot;:&quot;fadeIn&quot;,&quot;animation_delay&quot;:200}\">\n\t\t\t<div class=\"elementor-widget-wrap elementor-element-populated\">\n\t\t\t\t\t\t<div class=\"elementor-element elementor-element-4eedfe0a elementor-widget elementor-widget-text-editor\" data-id=\"4eedfe0a\" data-element_type=\"widget\" data-widget_type=\"text-editor.default\">\n\t\t\t\t<div class=\"elementor-widget-container\">\n\t\t\t\t\t\t\t\t\t<p>Dudak kald\u0131rma, estetik bir cerrahi prosed\u00fcrd\u00fcr ve &#8220;lip lift&#8221; olarak da adland\u0131r\u0131l\u0131r. Bu i\u015flem, \u00fcst dudak ve burun \u00e7evresindeki b\u00f6lgelerdeki cildi kald\u0131rmay\u0131 ama\u00e7lar, b\u00f6ylece dudaklar daha y\u00fcksekte ve dolgun bir \u015fekilde g\u00f6r\u00fcn\u00fcr. Dudak kald\u0131rma, genellikle ya\u015flanma s\u00fcreci veya genetik fakt\u00f6rler nedeniyle ortaya \u00e7\u0131kan \u00fcst dudaktaki sarkma veya uzak g\u00f6r\u00fcnen dudak \u00e7izgisini d\u00fczeltmek i\u00e7in tercih edilir.<\/p>\n<p><strong>Dudak kald\u0131rma i\u015flemi \u015fu ad\u0131mlar\u0131 i\u00e7erebilir:<\/strong><\/p>\n<p><strong>Kesi Yeri Belirleme:<\/strong> Estetik cerrah, dudak kald\u0131rma i\u015flemi yap\u0131lacak ki\u015finin y\u00fcz yap\u0131s\u0131n\u0131 dikkate alarak, \u00fcst dudak ile burun \u00e7evresindeki b\u00f6lgeler aras\u0131ndaki do\u011fal k\u0131vr\u0131m ve hatlara uygun bir kesi yeri belirler.<\/p>\n<p><strong>Cilt Kald\u0131rma:<\/strong> Belirlenen kesi yerinden yap\u0131lan kesilerle, \u00fcst dudak \u00e7evresindeki cilt kald\u0131r\u0131l\u0131r. Bu, dudaklar\u0131n daha y\u00fcksekte g\u00f6r\u00fcnmesini sa\u011flar.<\/p>\n<p><strong>Diki\u015fler:<\/strong> Cilt kald\u0131rma i\u015fleminden sonra, cerrah kesi yerini dikkatlice dikerek iyile\u015fme s\u00fcrecini ba\u015flat\u0131r.<\/p>\n<p>Dudak kald\u0131rma i\u015flemi genellikle lokal anestezi alt\u0131nda yap\u0131l\u0131r ve birka\u00e7 saat s\u00fcrebilir. \u0130\u015flem sonras\u0131nda genellikle hafif \u015fi\u015flik ve morarma g\u00f6r\u00fclebilir, ancak bu belirtiler zamanla azal\u0131r.<\/p>\n\t\t\t\t\t\t\t\t<\/div>\n\t\t\t\t<\/div>\n\t\t\t\t\t<\/div>\n\t\t<\/div>\n\t\t\t\t\t<\/div>\n\t\t<\/section>\n\t\t\t\t\t<\/div>\n\t\t<\/div>\n\t\t\t\t\t<\/div>\n\t\t<\/section>\n\t\t\t\t<section class=\"elementor-section elementor-top-section elementor-element elementor-element-e498c75 elementor-section-full_width elementor-section-height-default elementor-section-height-default\" data-id=\"e498c75\" data-element_type=\"section\">\n\t\t\t\t\t\t<div class=\"elementor-container elementor-column-gap-no\">\n\t\t\t\t\t<div class=\"elementor-column elementor-col-100 elementor-top-column elementor-element elementor-element-3cd90b23\" data-id=\"3cd90b23\" data-element_type=\"column\">\n\t\t\t<div class=\"elementor-widget-wrap\">\n\t\t\t\t\t\t\t<\/div>\n\t\t<\/div>\n\t\t\t\t\t<\/div>\n\t\t<\/section>\n\t\t\t\t<\/div>\n\t\t","protected":false},"excerpt":{"rendered":"<p>Dudak Kald\u0131rma- Lip Lift Dudak kald\u0131rma, estetik bir cerrahi prosed\u00fcrd\u00fcr ve &#8220;lip lift&#8221; olarak da adland\u0131r\u0131l\u0131r. Bu i\u015flem, \u00fcst dudak ve burun \u00e7evresindeki b\u00f6lgelerdeki cildi kald\u0131rmay\u0131 ama\u00e7lar, b\u00f6ylece dudaklar daha y\u00fcksekte ve dolgun bir \u015fekilde g\u00f6r\u00fcn\u00fcr. Dudak kald\u0131rma, genellikle ya\u015flanma s\u00fcreci veya genetik fakt\u00f6rler nedeniyle ortaya \u00e7\u0131kan \u00fcst dudaktaki sarkma veya uzak g\u00f6r\u00fcnen dudak \u00e7izgisini [&hellip;]<\/p>\n","protected":false},"author":1,"featured_media":0,"parent":284,"menu_order":0,"comment_status":"closed","ping_status":"closed","template":"elementor_header_footer","meta":{"footnotes":""},"class_list":["post-2200","page","type-page","status-publish","hentry"],"_links":{"self":[{"href":"https:\/\/bilsonhealth.co.uk\/tr\/wp-json\/wp\/v2\/pages\/2200","targetHints":{"allow":["GET"]}}],"collection":[{"href":"https:\/\/bilsonhealth.co.uk\/tr\/wp-json\/wp\/v2\/pages"}],"about":[{"href":"https:\/\/bilsonhealth.co.uk\/tr\/wp-json\/wp\/v2\/types\/page"}],"author":[{"embeddable":true,"href":"https:\/\/bilsonhealth.co.uk\/tr\/wp-json\/wp\/v2\/users\/1"}],"replies":[{"embeddable":true,"href":"https:\/\/bilsonhealth.co.uk\/tr\/wp-json\/wp\/v2\/comments?post=2200"}],"version-history":[{"count":5,"href":"https:\/\/bilsonhealth.co.uk\/tr\/wp-json\/wp\/v2\/pages\/2200\/revisions"}],"predecessor-version":[{"id":2455,"href":"https:\/\/bilsonhealth.co.uk\/tr\/wp-json\/wp\/v2\/pages\/2200\/revisions\/2455"}],"up":[{"embeddable":true,"href":"https:\/\/bilsonhealth.co.uk\/tr\/wp-json\/wp\/v2\/pages\/284"}],"wp:attachment":[{"href":"https:\/\/bilsonhealth.co.uk\/tr\/wp-json\/wp\/v2\/media?parent=2200"}],"curies":[{"name":"wp","href":"https:\/\/api.w.org\/{rel}","templated":true}]}}

Dudak Kaldırma- Lip Lift

<div data-elementor-type="wp-page" data-elementor-id="2200" class="elementor elementor-2200" data-elementor-post-type="page">
						<section class="elementor-section elementor-top-section elementor-element elementor-element-7a802f18 elementor-section-boxed elementor-section-height-default elementor-section-height-default" data-id="7a802f18" data-element_type="section" data-settings="{&quot;background_background&quot;:&quot;classic&quot;}">
							<div class="elementor-background-overlay"></div>
							<div class="elementor-container elementor-column-gap-default">
					<div class="elementor-column elementor-col-100 elementor-top-column elementor-element elementor-element-bdbeda3" data-id="bdbeda3" data-element_type="column" data-settings="{&quot;background_background&quot;:&quot;classic&quot;}">
			<div class="elementor-widget-wrap elementor-element-populated">
						<div class="elementor-element elementor-element-20d43837 elementor-widget elementor-widget-text-editor" data-id="20d43837" data-element_type="widget" data-widget_type="text-editor.default">
				<div class="elementor-widget-container">
									<h3>Dudak Kaldırma- Lip Lift</h3>								</div>
				</div>
					</div>
		</div>
					</div>
		</section>
				<section class="elementor-section elementor-top-section elementor-element elementor-element-66a00405 elementor-section-boxed elementor-section-height-default elementor-section-height-default" data-id="66a00405" data-element_type="section">
							<div class="elementor-background-overlay"></div>
							<div class="elementor-container elementor-column-gap-default">
					<div class="elementor-column elementor-col-100 elementor-top-column elementor-element elementor-element-756f8928" data-id="756f8928" data-element_type="column">
			<div class="elementor-widget-wrap elementor-element-populated">
						<section class="elementor-section elementor-inner-section elementor-element elementor-element-32f924c0 elementor-section-boxed elementor-section-height-default elementor-section-height-default" data-id="32f924c0" data-element_type="section">
						<div class="elementor-container elementor-column-gap-default">
					<div class="elementor-column elementor-col-100 elementor-inner-column elementor-element elementor-element-5032ad0 animated-slow elementor-invisible" data-id="5032ad0" data-element_type="column" data-settings="{&quot;animation&quot;:&quot;fadeIn&quot;,&quot;animation_delay&quot;:200}">
			<div class="elementor-widget-wrap elementor-element-populated">
						<div class="elementor-element elementor-element-4eedfe0a elementor-widget elementor-widget-text-editor" data-id="4eedfe0a" data-element_type="widget" data-widget_type="text-editor.default">
				<div class="elementor-widget-container">
									<p>Dudak kaldırma, estetik bir cerrahi prosedürdür ve &#8220;lip lift&#8221; olarak da adlandırılır. Bu işlem, üst dudak ve burun çevresindeki bölgelerdeki cildi kaldırmayı amaçlar, böylece dudaklar daha yüksekte ve dolgun bir şekilde görünür. Dudak kaldırma, genellikle yaşlanma süreci veya genetik faktörler nedeniyle ortaya çıkan üst dudaktaki sarkma veya uzak görünen dudak çizgisini düzeltmek için tercih edilir.</p>
<p><strong>Dudak kaldırma işlemi şu adımları içerebilir:</strong></p>
<p><strong>Kesi Yeri Belirleme:</strong> Estetik cerrah, dudak kaldırma işlemi yapılacak kişinin yüz yapısını dikkate alarak, üst dudak ile burun çevresindeki bölgeler arasındaki doğal kıvrım ve hatlara uygun bir kesi yeri belirler.</p>
<p><strong>Cilt Kaldırma:</strong> Belirlenen kesi yerinden yapılan kesilerle, üst dudak çevresindeki cilt kaldırılır. Bu, dudakların daha yüksekte görünmesini sağlar.</p>
<p><strong>Dikişler:</strong> Cilt kaldırma işleminden sonra, cerrah kesi yerini dikkatlice dikerek iyileşme sürecini başlatır.</p>
<p>Dudak kaldırma işlemi genellikle lokal anestezi altında yapılır ve birkaç saat sürebilir. İşlem sonrasında genellikle hafif şişlik ve morarma görülebilir, ancak bu belirtiler zamanla azalır.</p>
								</div>
				</div>
					</div>
		</div>
					</div>
		</section>
					</div>
		</div>
					</div>
		</section>
				<section class="elementor-section elementor-top-section elementor-element elementor-element-e498c75 elementor-section-full_width elementor-section-height-default elementor-section-height-default" data-id="e498c75" data-element_type="section">
						<div class="elementor-container elementor-column-gap-no">
					<div class="elementor-column elementor-col-100 elementor-top-column elementor-element elementor-element-3cd90b23" data-id="3cd90b23" data-element_type="column">
			<div class="elementor-widget-wrap">
							</div>
		</div>
					</div>
		</section>
				</div>

<p>Dudak Kaldırma- Lip Lift Dudak kaldırma, estetik bir cerrahi prosedürdür ve &#8220;lip lift&#8221; olarak da adlandırılır. Bu işlem, üst dudak ve burun çevresindeki bölgelerdeki cildi kaldırmayı amaçlar, böylece dudaklar daha yüksekte ve dolgun bir şekilde görünür. Dudak kaldırma, genellikle yaşlanma süreci veya genetik faktörler nedeniyle ortaya çıkan üst dudaktaki sarkma veya uzak görünen dudak çizgisini [&hellip;]</p>
